{"id":846,"date":"2023-01-13T11:51:35","date_gmt":"2023-01-13T10:51:35","guid":{"rendered":"https:\/\/isabell-tammer.de\/wordpress\/?page_id=846"},"modified":"2023-01-15T20:42:40","modified_gmt":"2023-01-15T19:42:40","slug":"buergermeisterwahl","status":"publish","type":"page","link":"https:\/\/isabell-tammer.de\/wordpress\/buergermeisterwahl\/","title":{"rendered":"B\u00fcrgermeisterwahl"},"content":{"rendered":"\n<p><\/p>\n\n\n\n<p>In ihrer Mitgliederversammlung nominierte die Freie W\u00e4hler Gemeinschaft Dr. Isabell Tammer als Kandidatin f\u00fcr die Wahl zur B\u00fcrgermeisterin der Stadt M\u00fcnzenberg.<\/p>\n\n\n\n<p>Am 11. November 2023 hatte der Vorsitzende der FWG, Ronald Berg zu einer au\u00dferordentlichen Mitgliederversammlung in das Rathaus in M\u00fcnzenberg eingeladen. Wichtigster Tagesordnungspunkt war die Wahl eines\/einer Kandidaten\/in f\u00fcr die am 12.02.2023 stattfindende Wahl.<\/p>\n\n\n\n<p>B\u00fcrgermeisterin Tammer fasste in einem R\u00fcckblick auf ihre bis jetzt f\u00fcnfeinhalb Jahre dauernde Amtszeit all die Dinge zusammen, die bereits erreicht wurden und stand den Mitgliedern f\u00fcr Fragen zur Verf\u00fcgung. Es waren sehr sch\u00f6ne, aber auch anspruchsvolle Jahre mit gro\u00dfen und meistenteils unerwarteten Herausforderungen, res\u00fcmierte Tammer. Auch waren es Jahre, die gepr\u00e4gt waren von dem Thema Krisenbew\u00e4ltigung, wie zun\u00e4chst die Fl\u00fcchtlingskrise, gefolgt von der Coronapandemie und jetzt zuletzt dem Krieg in der Ukraine und der damit einhergehenden Energiekrise. Alles Dinge, die den Alltag in der Verwaltung nicht leichter gemacht haben und zu den t\u00e4glichen Aufgaben hinzukamen, ganz zu schweigen von wiederholt auftretenden Personalengp\u00e4ssen. So war es immer wieder n\u00f6tig, die Priorit\u00e4ten der Aufgaben und Ziele, auch derjenigen aus dem Stadtparlament, neu zu justieren.<\/p>\n\n\n\n<p>Dennoch gelang es Tammer eine Vielzahl von Themen und Pl\u00e4nen umzusetzen oder voranzutreiben. Allem voran die Sicherstellung der \u00c4rzteversorgung im Stadtteil M\u00fcnzenberg durch die Sanierung des alten \u00c4rztehauses mit angeschlossenem Neubau zur Einrichtung einer modernen, zukunftsf\u00e4higen Arztpraxis. Es folgte die erfolgreiche Konzepterstellung zur Aufnahme in das F\u00f6rderprogramm des Landes Hessen zur Dorfentwicklung (IKEK), durch das viele Ma\u00dfnahmen der Stadt M\u00fcnzenberg mit hohen Summen gef\u00f6rdert werden. Beispiele hierf\u00fcr sind die im kommenden Jahr beginnenden Bauma\u00dfnahmen zur Sanierung der Weehd in Ober-H\u00f6rgern und dem barrierefreien Umbau des M\u00fcnzenberger Rathauses.<\/p>\n\n\n\n<p>Aktuell habe ja bereits der Glasfaserausbau im Stadtteil Gambach begonnen und ginge rasant voran, sodass mit einer z\u00fcgigen Abwicklung im gesamten Stadtgebiet zu rechnen sei, so Tammer.<\/p>\n\n\n\n<p>Weiter war eine Machbarkeitsstudie zur Enth\u00e4rtung des Trinkwassers in der Stadt M\u00fcnzenberg durchgef\u00fchrt worden, in deren Folge nun ein Ingenieurb\u00fcro einen Plan f\u00fcr die Trinkwasserversorgung mit entkalktem Wasser im gesamten Stadtgebiet entwirft, damit genaue Zahlen auf den Tisch kommen, denn was diese Ma\u00dfnahme am Ende kostet und welche Geb\u00fchren auf die Verbraucher zukommen, ist ein wesentlicher Faktor f\u00fcr die weitere Entscheidungsfindung in den Gremien der Stadt.<\/p>\n\n\n\n<p>Die bauliche Erweiterung der Kinderg\u00e4rten, die Neuorganisation der Bef\u00f6rsterung des Stadtwaldes, der Bau eines Kunstrasenplatzes, Stra\u00dfensanierungsma\u00dfnahmen, die Umsetzung eines Neubaugebiets in Ober-H\u00f6rgern und die Planung eines Neubaugebiets im Stadtteil Trais seien weitere Beispiele f\u00fcr das Engagement von Tammer f\u00fcr ihre Stadt, erg\u00e4nzte Vorsitzender Ronald Berg.<\/p>\n\n\n\n<p>Berg, wie auch alle Mitglieder der FWG begr\u00fc\u00dften die Kandidatur von Dr. Isabell Tammer und versprachen ihr Unterst\u00fctzung f\u00fcr den anstehenden Wahlkampf. So war es auch nicht verwunderlich, dass die Kandidatin der FWG in der anschlie\u00dfenden Abstimmung einstimmig gew\u00e4hlt wurde.<\/p>\n\n\n\n<p>Tammer bedankte sich herzlich f\u00fcr die Stimmen der Anwesenden und verwies darauf, dass es in der Stadt M\u00fcnzenberg noch gen\u00fcgend zu tun gibt und noch viel umzusetzen sei, \u201eUnter anderem die drei dicken \u201eB\u201cs: B\u00fcrgerhaus Gambach, Besucherinformationszentrum und Burgweg.\u201c<\/p>\n\n\n\n<p>Diesen Herausforderungen will sie sich gerne mit ihrer Kandidatur weiter und erneut stellen, denn, so Tammer: \u201eIn unserer Stadt leben so viele bodenst\u00e4ndige, pragmatische und mitdenkende Menschen, die m\u00fcssen dem Trend der Politikverdrossenheit entgegen motiviert werden, sich im Sinne der Weiterentwicklung unserer Stadt aktiv mit einzubringen.\u201c<\/p>\n\n\n\n<p>Mit einem Dank und einem Blumenstrau\u00df begl\u00fcckw\u00fcnschte Vorsitzender Ronald Berg B\u00fcrgermeisterin Dr. Isabell Tammer zur Kandidatur und w\u00fcnschte ihr eine erfolgreiche Wiederwahl.<\/p>\n","protected":false},"excerpt":{"rendered":"<p>In ihrer Mitgliederversammlung nominierte die Freie W\u00e4hler Gemeinschaft Dr. Isabell Tammer als Kandidatin f\u00fcr die Wahl zur B\u00fcrgermeisterin der Stadt M\u00fcnzenberg. Am 11. November 2023 hatte der Vorsitzende der FWG, Ronald Berg zu einer au\u00dferordentlichen Mitgliederversammlung in das Rathaus in M\u00fcnzenberg eingeladen. Wichtigster Tagesordnungspunkt war die Wahl eines\/einer Kandidaten\/in f\u00fcr die am 12.02.2023 stattfindende Wahl. [&hellip;]<\/p>\n","protected":false},"author":1,"featured_media":822,"parent":0,"menu_order":0,"comment_status":"closed","ping_status":"closed","template":"","meta":{"footnotes":""},"class_list":["post-846","page","type-page","status-publish","has-post-thumbnail","hentry"],"_links":{"self":[{"href":"https:\/\/isabell-tammer.de\/wordpress\/wp-json\/wp\/v2\/pages\/846","targetHints":{"allow":["GET"]}}],"collection":[{"href":"https:\/\/isabell-tammer.de\/wordpress\/wp-json\/wp\/v2\/pages"}],"about":[{"href":"https:\/\/isabell-tammer.de\/wordpress\/wp-json\/wp\/v2\/types\/page"}],"author":[{"embeddable":true,"href":"https:\/\/isabell-tammer.de\/wordpress\/wp-json\/wp\/v2\/users\/1"}],"replies":[{"embeddable":true,"href":"https:\/\/isabell-tammer.de\/wordpress\/wp-json\/wp\/v2\/comments?post=846"}],"version-history":[{"count":6,"href":"https:\/\/isabell-tammer.de\/wordpress\/wp-json\/wp\/v2\/pages\/846\/revisions"}],"predecessor-version":[{"id":981,"href":"https:\/\/isabell-tammer.de\/wordpress\/wp-json\/wp\/v2\/pages\/846\/revisions\/981"}],"wp:featuredmedia":[{"embeddable":true,"href":"https:\/\/isabell-tammer.de\/wordpress\/wp-json\/wp\/v2\/media\/822"}],"wp:attachment":[{"href":"https:\/\/isabell-tammer.de\/wordpress\/wp-json\/wp\/v2\/media?parent=846"}],"curies":[{"name":"wp","href":"https:\/\/api.w.org\/{rel}","templated":true}]}}

Bürgermeisterwahl

<p></p>



<p>In ihrer Mitgliederversammlung nominierte die Freie Wähler Gemeinschaft Dr. Isabell Tammer als Kandidatin für die Wahl zur Bürgermeisterin der Stadt Münzenberg.</p>



<p>Am 11. November 2023 hatte der Vorsitzende der FWG, Ronald Berg zu einer außerordentlichen Mitgliederversammlung in das Rathaus in Münzenberg eingeladen. Wichtigster Tagesordnungspunkt war die Wahl eines/einer Kandidaten/in für die am 12.02.2023 stattfindende Wahl.</p>



<p>Bürgermeisterin Tammer fasste in einem Rückblick auf ihre bis jetzt fünfeinhalb Jahre dauernde Amtszeit all die Dinge zusammen, die bereits erreicht wurden und stand den Mitgliedern für Fragen zur Verfügung. Es waren sehr schöne, aber auch anspruchsvolle Jahre mit großen und meistenteils unerwarteten Herausforderungen, resümierte Tammer. Auch waren es Jahre, die geprägt waren von dem Thema Krisenbewältigung, wie zunächst die Flüchtlingskrise, gefolgt von der Coronapandemie und jetzt zuletzt dem Krieg in der Ukraine und der damit einhergehenden Energiekrise. Alles Dinge, die den Alltag in der Verwaltung nicht leichter gemacht haben und zu den täglichen Aufgaben hinzukamen, ganz zu schweigen von wiederholt auftretenden Personalengpässen. So war es immer wieder nötig, die Prioritäten der Aufgaben und Ziele, auch derjenigen aus dem Stadtparlament, neu zu justieren.</p>



<p>Dennoch gelang es Tammer eine Vielzahl von Themen und Plänen umzusetzen oder voranzutreiben. Allem voran die Sicherstellung der Ärzteversorgung im Stadtteil Münzenberg durch die Sanierung des alten Ärztehauses mit angeschlossenem Neubau zur Einrichtung einer modernen, zukunftsfähigen Arztpraxis. Es folgte die erfolgreiche Konzepterstellung zur Aufnahme in das Förderprogramm des Landes Hessen zur Dorfentwicklung (IKEK), durch das viele Maßnahmen der Stadt Münzenberg mit hohen Summen gefördert werden. Beispiele hierfür sind die im kommenden Jahr beginnenden Baumaßnahmen zur Sanierung der Weehd in Ober-Hörgern und dem barrierefreien Umbau des Münzenberger Rathauses.</p>



<p>Aktuell habe ja bereits der Glasfaserausbau im Stadtteil Gambach begonnen und ginge rasant voran, sodass mit einer zügigen Abwicklung im gesamten Stadtgebiet zu rechnen sei, so Tammer.</p>



<p>Weiter war eine Machbarkeitsstudie zur Enthärtung des Trinkwassers in der Stadt Münzenberg durchgeführt worden, in deren Folge nun ein Ingenieurbüro einen Plan für die Trinkwasserversorgung mit entkalktem Wasser im gesamten Stadtgebiet entwirft, damit genaue Zahlen auf den Tisch kommen, denn was diese Maßnahme am Ende kostet und welche Gebühren auf die Verbraucher zukommen, ist ein wesentlicher Faktor für die weitere Entscheidungsfindung in den Gremien der Stadt.</p>



<p>Die bauliche Erweiterung der Kindergärten, die Neuorganisation der Beförsterung des Stadtwaldes, der Bau eines Kunstrasenplatzes, Straßensanierungsmaßnahmen, die Umsetzung eines Neubaugebiets in Ober-Hörgern und die Planung eines Neubaugebiets im Stadtteil Trais seien weitere Beispiele für das Engagement von Tammer für ihre Stadt, ergänzte Vorsitzender Ronald Berg.</p>



<p>Berg, wie auch alle Mitglieder der FWG begrüßten die Kandidatur von Dr. Isabell Tammer und versprachen ihr Unterstützung für den anstehenden Wahlkampf. So war es auch nicht verwunderlich, dass die Kandidatin der FWG in der anschließenden Abstimmung einstimmig gewählt wurde.</p>



<p>Tammer bedankte sich herzlich für die Stimmen der Anwesenden und verwies darauf, dass es in der Stadt Münzenberg noch genügend zu tun gibt und noch viel umzusetzen sei, „Unter anderem die drei dicken „B“s: Bürgerhaus Gambach, Besucherinformationszentrum und Burgweg.“</p>



<p>Diesen Herausforderungen will sie sich gerne mit ihrer Kandidatur weiter und erneut stellen, denn, so Tammer: „In unserer Stadt leben so viele bodenständige, pragmatische und mitdenkende Menschen, die müssen dem Trend der Politikverdrossenheit entgegen motiviert werden, sich im Sinne der Weiterentwicklung unserer Stadt aktiv mit einzubringen.“</p>



<p>Mit einem Dank und einem Blumenstrauß beglückwünschte Vorsitzender Ronald Berg Bürgermeisterin Dr. Isabell Tammer zur Kandidatur und wünschte ihr eine erfolgreiche Wiederwahl.</p>

<p>In ihrer Mitgliederversammlung nominierte die Freie Wähler Gemeinschaft Dr. Isabell Tammer als Kandidatin für die Wahl zur Bürgermeisterin der Stadt Münzenberg. Am 11. November 2023 hatte der Vorsitzende der FWG, Ronald Berg zu einer außerordentlichen Mitgliederversammlung in das Rathaus in Münzenberg eingeladen. Wichtigster Tagesordnungspunkt war die Wahl eines/einer Kandidaten/in für die am 12.02.2023 stattfindende Wahl. [&hellip;]</p>
