{"id":517,"date":"2016-12-22T23:31:26","date_gmt":"2016-12-22T22:31:26","guid":{"rendered":"http:\/\/www.isabell-tammer.de\/wordpress\/?page_id=517"},"modified":"2023-01-14T23:31:05","modified_gmt":"2023-01-14T22:31:05","slug":"politische-ziele","status":"publish","type":"page","link":"https:\/\/isabell-tammer.de\/wordpress\/politische-ziele\/","title":{"rendered":"Politische Ziele"},"content":{"rendered":"<p>&lt;p&gt;\n<style type=\"text\/css\" data-created_by=\"avia_inline_auto\" id=\"style-css-av-av_section-8028c39ed3af3c4dd6b7451c2304964e\">\n.avia-section.av-av_section-8028c39ed3af3c4dd6b7451c2304964e{\nbackground-color:#ef7a1e;\nbackground-image:unset;\n}\n<\/style>\n<div id='av_section_1'  class='avia-section av-av_section-8028c39ed3af3c4dd6b7451c2304964e main_color avia-section-default avia-no-border-styling  avia-builder-el-0  el_before_av_section  avia-builder-el-first  avia-bg-style-scroll container_wrap fullsize'  ><div class='container av-section-cont-open' ><main  role=\"main\" itemprop=\"mainContentOfPage\"  class='template-page content  av-content-full alpha units'><div class='post-entry post-entry-type-page post-entry-517'><div class='entry-content-wrapper clearfix'>\n<style type=\"text\/css\" data-created_by=\"avia_inline_auto\" id=\"style-css-av-av_headline_rotator-076d73291d92956354c14281b78ced7b\">\n#top .av-rotator-container.av-av_headline_rotator-076d73291d92956354c14281b78ced7b{\ntext-align:left;\ncolor:#ffffff;\n}\n#top #wrap_all .av-rotator-container.av-av_headline_rotator-076d73291d92956354c14281b78ced7b .av-rotator-container-inner{\nfont-size:35px;\n}\n<\/style>\n\n<style type=\"text\/css\" data-created_by=\"avia_inline_auto\" id=\"style-css-sub-av-av_headline_rotator-076d73291d92956354c14281b78ced7b\">\n#top .av-rotator-container .av-rotator-text-single.av-av_rotator_item-b917e15e2daec90f34f2243dd180717d{\ncolor:#ffffff;\n}\n#top .av-rotator-container .av-rotator-text-single.av-av_rotator_item-a37c93c7bf0264a75553a5340717d8fb{\ncolor:#ffffff;\n}\n#top .av-rotator-container .av-rotator-text-single.av-av_rotator_item-b413922cf761024e1f614ac746c04631{\ncolor:#ffffff;\n}\n<\/style>\n<div  class='av-rotator-container av-rotation-container-left av-av_headline_rotator-076d73291d92956354c14281b78ced7b  avia-builder-el-1  avia-builder-el-no-sibling ' data-interval='7' data-animation='-1'><h2 class='av-rotator-container-inner'>Als B\u00fcrgermeisterin werde ich mich daf\u00fcr einsetzten, dass...<span class='av-rotator-text av-rotator-multiline-off'>&lt;br \/&gt;<span class='av-rotator-text-single av-av_rotator_item-b917e15e2daec90f34f2243dd180717d av-rotator-text-single-1'>Sie frischen Wind in der Stadt haben<\/span>&lt;br \/&gt;<span class='av-rotator-text-single av-av_rotator_item-a37c93c7bf0264a75553a5340717d8fb av-rotator-text-single-2'>Sie aktiv unsere Stadt mitgestalten k\u00f6nnen<\/span>&lt;br \/&gt;<span class='av-rotator-text-single av-av_rotator_item-b413922cf761024e1f614ac746c04631 av-rotator-text-single-3'>Sie Transparenz im politischen Handeln erleben<\/span>&lt;br \/&gt;<\/span><\/h2><\/div><\/div><\/div><\/main><!-- close content main element --><\/div><\/div>\n<style type=\"text\/css\" data-created_by=\"avia_inline_auto\" id=\"style-css-av-av_section-6a88c10781f1355cd215ed1872564de9\">\n.avia-section.av-av_section-6a88c10781f1355cd215ed1872564de9{\nbackground-color:#ffffff;\nbackground-image:unset;\n}\n<\/style>\n<div id='av_section_2'  class='avia-section av-av_section-6a88c10781f1355cd215ed1872564de9 main_color avia-section-default avia-no-shadow  avia-builder-el-2  el_after_av_section  avia-builder-el-last  avia-bg-style-fixed av-minimum-height av-minimum-height-75  container_wrap fullsize'   data-av_minimum_height_pc='75'><div class='container av-section-cont-open' ><div class='template-page content  av-content-full alpha units'><div class='post-entry post-entry-type-page post-entry-517'><div class='entry-content-wrapper clearfix'>&lt;br \/&gt;\n<style type=\"text\/css\" data-created_by=\"avia_inline_auto\" id=\"style-css-av-av_three_fifth-6126cab7d8fab8d08143dd2dacdf673c\">\n.flex_column.av-av_three_fifth-6126cab7d8fab8d08143dd2dacdf673c{\n-webkit-border-radius:0px 0px 0px 0px;\n-moz-border-radius:0px 0px 0px 0px;\nborder-radius:0px 0px 0px 0px;\npadding:0px 0px 0px 0px;\n}\n<\/style>\n<div class='flex_column av-av_three_fifth-6126cab7d8fab8d08143dd2dacdf673c av_three_fifth  avia-builder-el-3  avia-builder-el-no-sibling  first flex_column_div av-zero-column-padding '     ><p>\n<style type=\"text\/css\" data-created_by=\"avia_inline_auto\" id=\"style-css-av-av_heading-cc1ac58fc61bdc45793c3b13540fdba9\">\n#top .av-special-heading.av-av_heading-cc1ac58fc61bdc45793c3b13540fdba9{\npadding-bottom:10px;\nfont-size:27px;\n}\nbody .av-special-heading.av-av_heading-cc1ac58fc61bdc45793c3b13540fdba9 .av-special-heading-tag .heading-char{\nfont-size:25px;\n}\n#top #wrap_all .av-special-heading.av-av_heading-cc1ac58fc61bdc45793c3b13540fdba9 .av-special-heading-tag{\nfont-size:27px;\n}\n.av-special-heading.av-av_heading-cc1ac58fc61bdc45793c3b13540fdba9 .av-subheading{\nfont-size:15px;\n}\n\n@media only screen and (min-width: 480px) and (max-width: 767px){ \n#top #wrap_all .av-special-heading.av-av_heading-cc1ac58fc61bdc45793c3b13540fdba9 .av-special-heading-tag{\nfont-size:0.8em;\n}\n}\n\n@media only screen and (max-width: 479px){ \n#top #wrap_all .av-special-heading.av-av_heading-cc1ac58fc61bdc45793c3b13540fdba9 .av-special-heading-tag{\nfont-size:0.8em;\n}\n}\n<\/style>\n<div  class='av-special-heading av-av_heading-cc1ac58fc61bdc45793c3b13540fdba9 av-special-heading-h2 blockquote modern-quote  avia-builder-el-4  el_before_av_textblock  avia-builder-el-first  av-inherit-size'><h2 class='av-special-heading-tag'  itemprop=\"headline\"  >Mein Programm<\/h2><div class=\"special-heading-border\"><div class=\"special-heading-inner-border\"><\/div><\/div><\/div>\n<style type=\"text\/css\" data-created_by=\"avia_inline_auto\" id=\"style-css-av-av_textblock-3326d3317592321e340dbe8477480288\">\n#top .av_textblock_section.av-av_textblock-3326d3317592321e340dbe8477480288 .avia_textblock{\nfont-size:15px;\n}\n<\/style>\n<section  class='av_textblock_section av-av_textblock-3326d3317592321e340dbe8477480288'  itemscope=\"itemscope\" itemtype=\"https:\/\/schema.org\/CreativeWork\" ><div class='avia_textblock'  itemprop=\"text\" ><p>&lt;br \/&gt;Stellen Sie sich vor, Sie leben in einer Stadt, in der&lt;\/p&gt; &lt;li&gt;Sie beruhigt zur Arbeit fahren k\u00f6nnen, weil Sie wissen, dass Ihre Kinder die ganze Zeit \u00fcber gut versorgt sind.&lt;\/li&gt; &lt;li&gt;Sie, weil Sie nicht mehr mit dem Auto fahren k\u00f6nnen, trotzdem die Dinge des t\u00e4glichen Lebens erledigen k\u00f6nnen. Sie kommen zum Arzt, Sie k\u00f6nnen einkaufen und weiter am sozialen Leben teilnehmen.&lt;\/li&gt; &lt;li&gt;die Ortsmitte mit Leben gef\u00fcllt ist und die H\u00e4user bewohnt sind von jungen Familien und Senioren.&lt;\/li&gt; &lt;li&gt;Sie Wasser kochen und der Wasserkocher nicht sofort mit einer Kalkschicht \u00fcberzogen ist.&lt;\/li&gt; &lt;li&gt;Sie den Blick auf die Burg M\u00fcnzenberg genie\u00dfen k\u00f6nnen, ohne dass er durch Windkraftr\u00e4der entstellt ist.&lt;\/li&gt; &lt;li&gt;Sie Bescheide, die von Ihrer Stadtverwaltung kommen, schnell verstehen und wissen, was mit dem Schreiben gemeint ist.&lt;\/li&gt; &lt;p&gt;F\u00fcr diese Dinge will ich mich &#8211; unter anderem &#8211; einsetzen.&lt;u&gt;Kinderbetreuung &lt;\/u&gt;Ich werde ein Konzept mit allen Beteiligten, d.h. mit Schule, Kindergarten, Betreuungsvereinen, Sportvereinen, Feuerwehren, Kirchengemeinden erarbeiten, so dass eine Betreuung auch nach der Schule bis zum Alter von ca. 14 Jahren in der Stadt gew\u00e4hrleistet ist.&lt;u&gt;Belebung der Innenst\u00e4dte&lt;\/u&gt;&lt;span style=&#8220;color: #999999;&#8220; data-mce-style=&#8220;color: #999999;&#8220;&gt;Unsere Ortskerne sterben langsam aus. Auf der einen Seite sollen die historischen Geb\u00e4ude erhalten bleiben. Auf der anderen Seite muss es aber jungen Familien m\u00f6glich gemacht werden, durch Renovierungen, moderne, insbesondere ausreichend w\u00e4rmeged\u00e4mmte und helle Lebensr\u00e4ume in den historischen H\u00e4usern zu schaffen.&lt;\/span&gt;&lt;span style=&#8220;color: #999999;&#8220; data-mce-style=&#8220;color: #999999;&#8220;&gt;Gleiches gilt f\u00fcr die \u00e4ltere Generation: F\u00fcr sie muss es m\u00f6glich sein, ein Fachwerkhaus so umzubauen, dass es barrierefrei nutzbar ist, ohne dass ruin\u00f6se Kosten dadurch entstehen. Ein Zielkonflikt, der auch andere Verwaltungsebenen, wie zum Beispiel den Denkmalschutz in die Pflicht nimmt. Hier ist in meinen Augen auch das aktive Handeln h\u00f6herer und h\u00f6chster politischer Ebenen gefordert, damit die rechtlichen Grundlagen entsprechend gestaltet werden.&lt;\/span&gt;&lt;span style=&#8220;color: #999999;&#8220; data-mce-style=&#8220;color: #999999;&#8220;&gt;Wir k\u00f6nnen nicht unendlich Neubaugebiete erschlie\u00dfen und damit, gerade hier in der au\u00dfergew\u00f6hnlich fruchtbaren Wetterau, wertvolles Ackerland kontinuierlich vernichten. Wir m\u00fcssen nachhaltig denken und handeln und k\u00f6nnen uns nicht die Grundlage f\u00fcr unsere zuk\u00fcnftige Ern\u00e4hrung im wahrsten Sinne des Wortes verbauen.&lt;\/span&gt;Die Stadt M\u00fcnzenberg hat es geschafft, neben sieben anderen hessischen St\u00e4dten und Gemeinden in das Dorfentwicklungsprogramm 2019 aufgenommen zu werden. Das war und ist noch immer harte Arbeit, denn nach der Antragsphase mit der Erstellung des mehr als 300 Seiten starken \u201eIntegrierten Kommunalen Entwicklungskonzeptes\u201c (IKEK) ging es gleich weiter in die Umsetzungsphase, in der wir uns noch immer befinden. Zwischenzeitlich konnten hier schon tolle Projekte verwirklicht werden, die dazu f\u00fchren, dass das Wohnen in den Ortskernen attraktiv bleibt und noch attraktiver wird.&lt;u&gt;Wasserqualit\u00e4t&lt;\/u&gt;Selbst in M\u00fcnzenberg, wo nur ein H\u00e4rtegrad von 16\u00b0 zu verzeichnen ist, sind Kalkablagerungen an der Tagesordnung. Wie viel schlimmer ist das in Gambach, mit einem H\u00e4rtegrad von 31\u00b0 . Eine Verbesserung ist hier dringend erforderlich.&lt;u&gt;Windkraft&lt;\/u&gt;Grunds\u00e4tzlich begr\u00fc\u00dfe ich die Wende in Deutschland hin zu erneuerbaren Energien. Aber alles muss mit Ma\u00df und Ziel geschehen. Der Bau der geplanten \u00fcberdimensionalen, mehr als 200 m hohen Windkraftanlagen zerst\u00f6rt unsere Wetterauer Kulturlandschaft und beeintr\u00e4chtigt schwerwiegend unser historisches Denkmal, die Burg M\u00fcnzenberg. Es kann nicht hingenommen werden, dass mit einer Art Goldgr\u00e4bermentalit\u00e4t vor nichts Halt gemacht wird. Natur- und Vogelschutz m\u00fcssen in hohem Ma\u00dfe ber\u00fccksichtigt werden und sch\u00fctzenswerte Landschaftsbilder d\u00fcrfen nicht unwiederbringlich zerst\u00f6rt werden.&lt;u&gt;B\u00fcrgern\u00e4he&lt;\/u&gt;Zeit ist knapp und keiner von uns, und hier meine ich insbesondere die Generation in der sogenannten &#8222;Sandwichposition&#8220; (d.h. diejenigen, die sich sowohl um ihre Kinder als auch um ihre Eltern k\u00fcmmern) hat die Zeit und Energie, sich mit einer schwierigen Materie noch dazu in &#8222;Beamtendeutsch&#8220; auseinanderzusetzen. Da verwaltungsrechtlich bestimmte Vorgaben bestehen, damit ein Bescheid rechtsg\u00fcltig ist, wird sich an diesen Schreiben wenig \u00e4ndern. Was aber spricht dagegen, eine kurze und leichtverst\u00e4ndliche Zusammenfassung des Inhalts mit zu schicken? Sicherlich ist das ein punktueller Mehraufwand f\u00fcr die Verwaltung, aber eine deutliche Erleichterung f\u00fcr alle betroffenen B\u00fcrger.Eine enge Zusammenarbeit und Kommunikation mit den Ortsbeir\u00e4ten ist unverzichtbar, denn Sie haben in den einzelnen Stadtteilen &#8222;den Finger am Puls&#8220; der B\u00fcrger. Sie sind jederzeit vor Ort greifbar und stehen im Fokus, wenn es brennt. Ortsbeir\u00e4te wissen, wo Sie, die B\u00fcrger, der Schuh dr\u00fcckt.Auch werde ich regelm\u00e4\u00dfig\u00a0 zu B\u00fcrgerversammlungen einladen. An diesen Abenden werden Sie die Gelegenheit haben, sich \u00fcber &#8222;Themen aus dem Rathaus&#8220; zu informieren und Fragen stellen zu k\u00f6nnen. Weiter w\u00fcnsche ich mir dabei von Ihnen Vorschl\u00e4ge und Anregungen zur Weiterentwicklung unserer Stadt.Weitere wichtige Dinge, um die ich mich k\u00fcmmern werde:&lt;u&gt;\u00c4rzteversorgung&lt;\/u&gt;Es\u00a0 ist sehr wichtig, die \u00c4rzteversorgung vor Ort sicherzustellen. Denn wer krank ist, kann keine weiten Strecken zur\u00fccklegen, egal in welchem Alter!&lt;u&gt;Senioren&lt;\/u&gt;&#8220;M\u00fcnzenberg ist tot!&#8220; so lautete das harte Urteil einer Seniorin, die damit der Tatsache Ausdruck verlieh, dass es au\u00dfer der kirchlichen Einrichtung des Altenclubs in den kleinen Stadtteilen keine M\u00f6glichkeit f\u00fcr Senioren gibt, sich zu treffen, auszutauschen oder gar einzukaufen.Ich m\u00f6chte im Rahmen eines Projektes &#8222;Nachbarschaftshilfe&#8220;\u00a0 bei dem es unter dem Motto &#8222;B\u00fcrger helfen B\u00fcrgern&#8220;\u00a0 m\u00f6glich werden soll, zu helfen und Hilfe zu bekommen. Jeder, der Zeit hat und diese gerne sinnvoll nutzen m\u00f6chte, ist eingeladen, daran teil zu nehmen. So sollen unter anderem die Begleitung zum Einkauf oder zum Arzt mit und ohne Auto angeboten werden, Besuche bei Alleinstehenden stattfinden. Insbesondere in den kleineren Stadtteilen ist eine solche Unterst\u00fctzung f\u00fcr die \u00e4lteren Mitb\u00fcrgerinnen und Mitb\u00fcrger dringend n\u00f6tig.&lt;u&gt;Barrierefreiheit&lt;\/u&gt;Das Rathaus in M\u00fcnzenberg ist zum Beispiel nicht barrierefrei zu nutzen. Hier gilt es L\u00f6sungsm\u00f6glichkeiten auch im Hinblick auf die historische Substanz und den Denkmalschutz zu entwickeln und hinsichtlich der Praktikabilit\u00e4t und Finanzierbarkeit zu pr\u00fcfen.&lt;u&gt;Tourismus&lt;\/u&gt;Die Stadt M\u00fcnzenberg hat\u00a0 viel mehr zu bieten als nur die Burg M\u00fcnzenberg. Die Vergangenheit reicht weit zur\u00fcck. Auf ein Zeugnis der Megalithkultur der Jungsteinzeit und der Bronzezeit st\u00f6\u00dft man am Ortseingang von Trais. Dort ist ein Menhir, im Volksmund &#8222;Kr\u00e4ppelstein&#8220; genannt, aufgestellt. Die Wetterwiesen mit ihren Sonderbiotopen und ihren Salzquellen in der Gemarkung Ober-H\u00f6rgern. Grabungen lassen auf das Leben und Wirken der R\u00f6mer schlie\u00dfen. Eindrucksvoll war dies sichtbar in der &#8222;Villa rustica&#8220; in Gambach. Und schlie\u00dflich das Mittelalter, dessen Spuren sich durch die Gesamtstadt M\u00fcnzenberg ziehen, monumental und weithin sichtbar durch das Wahrzeichen der Region, das &#8222;Wetterauer Tintenfass&#8220;.Das alles gilt es &#8222;kundenorientiert&#8220; und werbewirksam weiter aufzubereiten und zu pr\u00e4sentieren.&lt;br \/&gt;<\/p>\n<\/div><\/section><\/p><\/div>&lt;br \/&gt;&lt;\/p&gt;<\/p>\n","protected":false},"excerpt":{"rendered":"<p>&lt;p&gt;&lt;\/p&gt;<\/p>\n","protected":false},"author":1,"featured_media":0,"parent":0,"menu_order":0,"comment_status":"closed","ping_status":"closed","template":"","meta":{"footnotes":""},"class_list":["post-517","page","type-page","status-publish","hentry"],"_links":{"self":[{"href":"https:\/\/isabell-tammer.de\/wordpress\/wp-json\/wp\/v2\/pages\/517","targetHints":{"allow":["GET"]}}],"collection":[{"href":"https:\/\/isabell-tammer.de\/wordpress\/wp-json\/wp\/v2\/pages"}],"about":[{"href":"https:\/\/isabell-tammer.de\/wordpress\/wp-json\/wp\/v2\/types\/page"}],"author":[{"embeddable":true,"href":"https:\/\/isabell-tammer.de\/wordpress\/wp-json\/wp\/v2\/users\/1"}],"replies":[{"embeddable":true,"href":"https:\/\/isabell-tammer.de\/wordpress\/wp-json\/wp\/v2\/comments?post=517"}],"version-history":[{"count":27,"href":"https:\/\/isabell-tammer.de\/wordpress\/wp-json\/wp\/v2\/pages\/517\/revisions"}],"predecessor-version":[{"id":1313,"href":"https:\/\/isabell-tammer.de\/wordpress\/wp-json\/wp\/v2\/pages\/517\/revisions\/1313"}],"wp:attachment":[{"href":"https:\/\/isabell-tammer.de\/wordpress\/wp-json\/wp\/v2\/media?parent=517"}],"curies":[{"name":"wp","href":"https:\/\/api.w.org\/{rel}","templated":true}]}}